{"id":296,"date":"2018-06-18T00:39:45","date_gmt":"2018-06-17T22:39:45","guid":{"rendered":"http:\/\/aux-4-coins-des-mots.fr\/?page_id=296"},"modified":"2025-01-24T23:12:34","modified_gmt":"2025-01-24T22:12:34","slug":"activites-a-venir-2-0-2","status":"publish","type":"page","link":"https:\/\/aux-4-coins-des-mots.fr\/index.php\/activites-a-venir-2-0-2\/","title":{"rendered":"ACTIVIT\u00c9S A VENIR"},"content":{"rendered":"<h5 style=\"text-align: center;\"><strong>Vous \u00eates convi\u00e9s \u00e0 consulter les dates ci-dessous pour connaitre les \u00e9v\u00e8nements \u00e0 ne pas manquer avec vous !<\/strong><\/h5>\n<p><img loading=\"lazy\" decoding=\"async\" class=\"size-medium wp-image-1332 aligncenter\" src=\"https:\/\/aux-4-coins-des-mots.fr\/wp-content\/uploads\/2024\/03\/PEINTRE-CHINOIS-detzil-165x300.jpg\" alt=\"\" width=\"165\" height=\"300\" srcset=\"https:\/\/aux-4-coins-des-mots.fr\/wp-content\/uploads\/2024\/03\/PEINTRE-CHINOIS-detzil-165x300.jpg 165w, https:\/\/aux-4-coins-des-mots.fr\/wp-content\/uploads\/2024\/03\/PEINTRE-CHINOIS-detzil.jpg 271w\" sizes=\"auto, (max-width: 165px) 100vw, 165px\" \/><\/p>\n<p style=\"text-align: center;\"><strong>EN CONSTRUCTION<\/strong><\/p>\n<h2 style=\"text-align: center;\">***<\/h2>\n<p><img loading=\"lazy\" decoding=\"async\" class=\"size-medium wp-image-607 aligncenter\" src=\"http:\/\/aux-4-coins-des-mots.fr\/wp-content\/uploads\/2018\/10\/forum-300x173.png\" alt=\"\" width=\"300\" height=\"173\" srcset=\"https:\/\/aux-4-coins-des-mots.fr\/wp-content\/uploads\/2018\/10\/forum-300x173.png 300w, https:\/\/aux-4-coins-des-mots.fr\/wp-content\/uploads\/2018\/10\/forum.png 685w\" sizes=\"auto, (max-width: 300px) 100vw, 300px\" \/><\/p>\n<p>FORUM SANT\u00c9 &#8211; Deuxi\u00e8me \u00c9dition : Chemin Bas d&rsquo;Avignon &#8211; N\u00eemes<\/p>\n<p>Plus d&rsquo;informations : <a href=\"https:\/\/www.cjoint.com\/doc\/18_10\/HJtllwT1TbM_FORUM-Mardi-13-novembre-2018.pdf\" target=\"_blank\" rel=\"noopener\">Cliquez sur le lien<\/a><\/p>\n<h2 style=\"text-align: center;\">***<\/h2>\n\n\n<div class=\"wp-block-cover alignwide is-light is-position-center-center\" style=\"min-height:575px;aspect-ratio:unset;\"><span aria-hidden=\"true\" class=\"wp-block-cover__background has-background-dim-100 has-background-dim has-background-gradient\" style=\"background:linear-gradient(135deg,rgb(249,72,72) 1%,rgb(179,22,22) 100%)\"><\/span><div class=\"wp-block-cover__inner-container is-layout-flow wp-block-cover-is-layout-flow\">\n<div class=\"wp-block-columns alignwide is-layout-flex wp-container-core-columns-is-layout-28f84493 wp-block-columns-is-layout-flex\">\n<div class=\"wp-block-column is-layout-flow wp-block-column-is-layout-flow\" style=\"flex-basis:12%\">\n<div style=\"height:100px\" aria-hidden=\"true\" class=\"wp-block-spacer\"><\/div>\n<\/div>\n\n\n\n<div class=\"wp-block-column is-layout-flow wp-block-column-is-layout-flow\">\n<div style=\"height:100px\" aria-hidden=\"true\" class=\"wp-block-spacer\"><\/div>\n\n\n\n<p class=\"has-text-align-left has-text-color\" style=\"color:#fffffa;font-size:68px;line-height:1.2\"><strong>Et vous n\u2019avez<br>encore rien vu<\/strong><\/p>\n\n\n\n<div class=\"wp-block-buttons is-layout-flex wp-block-buttons-is-layout-flex\">\n<div class=\"wp-block-button\"><a class=\"wp-block-button__link has-text-color has-background wp-element-button\" href=\"https:\/\/www.helloasso.com\/associations\/aux-quatre-coins-des-mots\/formulaires\/3\/widget\" style=\"border-radius:3px;color:#00000a;background-color:#fffffa\" target=\"_blank\" rel=\"noreferrer noopener\"><strong>FAIRE UN DON<\/strong><\/a><\/div>\n<\/div>\n\n\n\n<div style=\"height:100px\" aria-hidden=\"true\" class=\"wp-block-spacer\"><\/div>\n<\/div>\n\n\n\n<div class=\"wp-block-column is-layout-flow wp-block-column-is-layout-flow\" style=\"flex-basis:12%\">\n<div style=\"height:100px\" aria-hidden=\"true\" class=\"wp-block-spacer\"><\/div>\n<\/div>\n<\/div>\n<\/div><\/div>\n<div class=\"pvc_clear\"><\/div><p id=\"pvc_stats_296\" class=\"pvc_stats all  \" data-element-id=\"296\" style=\"\"><i class=\"pvc-stats-icon medium\" aria-hidden=\"true\"><svg aria-hidden=\"true\" focusable=\"false\" data-prefix=\"far\" data-icon=\"chart-bar\" role=\"img\" xmlns=\"http:\/\/www.w3.org\/2000\/svg\" viewBox=\"0 0 512 512\" class=\"svg-inline--fa fa-chart-bar fa-w-16 fa-2x\"><path fill=\"currentColor\" d=\"M396.8 352h22.4c6.4 0 12.8-6.4 12.8-12.8V108.8c0-6.4-6.4-12.8-12.8-12.8h-22.4c-6.4 0-12.8 6.4-12.8 12.8v230.4c0 6.4 6.4 12.8 12.8 12.8zm-192 0h22.4c6.4 0 12.8-6.4 12.8-12.8V140.8c0-6.4-6.4-12.8-12.8-12.8h-22.4c-6.4 0-12.8 6.4-12.8 12.8v198.4c0 6.4 6.4 12.8 12.8 12.8zm96 0h22.4c6.4 0 12.8-6.4 12.8-12.8V204.8c0-6.4-6.4-12.8-12.8-12.8h-22.4c-6.4 0-12.8 6.4-12.8 12.8v134.4c0 6.4 6.4 12.8 12.8 12.8zM496 400H48V80c0-8.84-7.16-16-16-16H16C7.16 64 0 71.16 0 80v336c0 17.67 14.33 32 32 32h464c8.84 0 16-7.16 16-16v-16c0-8.84-7.16-16-16-16zm-387.2-48h22.4c6.4 0 12.8-6.4 12.8-12.8v-70.4c0-6.4-6.4-12.8-12.8-12.8h-22.4c-6.4 0-12.8 6.4-12.8 12.8v70.4c0 6.4 6.4 12.8 12.8 12.8z\" class=\"\"><\/path><\/svg><\/i> <img loading=\"lazy\" decoding=\"async\" width=\"16\" height=\"16\" alt=\"Loading\" src=\"https:\/\/aux-4-coins-des-mots.fr\/wp-content\/plugins\/page-views-count\/ajax-loader-2x.gif\" border=0 \/><\/p><div class=\"pvc_clear\"><\/div>","protected":false},"excerpt":{"rendered":"<p>Vous \u00eates convi\u00e9s \u00e0 consulter les dates ci-dessous pour connaitre les \u00e9v\u00e8nements \u00e0 ne pas manquer avec vous ! EN CONSTRUCTION *** FORUM SANT\u00c9 &#8211; Deuxi\u00e8me \u00c9dition : Chemin Bas d&rsquo;Avignon &#8211; N\u00eemes Plus d&rsquo;informations : Cliquez sur le lien ***<\/p>\n<div class=\"pvc_clear\"><\/div>\n<p id=\"pvc_stats_296\" class=\"pvc_stats all  \" data-element-id=\"296\" style=\"\"><i class=\"pvc-stats-icon medium\" aria-hidden=\"true\"><svg aria-hidden=\"true\" focusable=\"false\" data-prefix=\"far\" data-icon=\"chart-bar\" role=\"img\" xmlns=\"http:\/\/www.w3.org\/2000\/svg\" viewBox=\"0 0 512 512\" class=\"svg-inline--fa fa-chart-bar fa-w-16 fa-2x\"><path fill=\"currentColor\" d=\"M396.8 352h22.4c6.4 0 12.8-6.4 12.8-12.8V108.8c0-6.4-6.4-12.8-12.8-12.8h-22.4c-6.4 0-12.8 6.4-12.8 12.8v230.4c0 6.4 6.4 12.8 12.8 12.8zm-192 0h22.4c6.4 0 12.8-6.4 12.8-12.8V140.8c0-6.4-6.4-12.8-12.8-12.8h-22.4c-6.4 0-12.8 6.4-12.8 12.8v198.4c0 6.4 6.4 12.8 12.8 12.8zm96 0h22.4c6.4 0 12.8-6.4 12.8-12.8V204.8c0-6.4-6.4-12.8-12.8-12.8h-22.4c-6.4 0-12.8 6.4-12.8 12.8v134.4c0 6.4 6.4 12.8 12.8 12.8zM496 400H48V80c0-8.84-7.16-16-16-16H16C7.16 64 0 71.16 0 80v336c0 17.67 14.33 32 32 32h464c8.84 0 16-7.16 16-16v-16c0-8.84-7.16-16-16-16zm-387.2-48h22.4c6.4 0 12.8-6.4 12.8-12.8v-70.4c0-6.4-6.4-12.8-12.8-12.8h-22.4c-6.4 0-12.8 6.4-12.8 12.8v70.4c0 6.4 6.4 12.8 12.8 12.8z\" class=\"\"><\/path><\/svg><\/i> <img loading=\"lazy\" decoding=\"async\" width=\"16\" height=\"16\" alt=\"Loading\" src=\"https:\/\/aux-4-coins-des-mots.fr\/wp-content\/plugins\/page-views-count\/ajax-loader-2x.gif\" border=0 \/><\/p>\n<div class=\"pvc_clear\"><\/div>\n","protected":false},"author":1,"featured_media":0,"parent":0,"menu_order":0,"comment_status":"closed","ping_status":"closed","template":"","meta":{"iawp_total_views":0,"footnotes":""},"class_list":["post-296","page","type-page","status-publish","hentry"],"a3_pvc":{"activated":true,"total_views":10,"today_views":0},"jetpack_sharing_enabled":true,"_links":{"self":[{"href":"https:\/\/aux-4-coins-des-mots.fr\/index.php\/wp-json\/wp\/v2\/pages\/296","targetHints":{"allow":["GET"]}}],"collection":[{"href":"https:\/\/aux-4-coins-des-mots.fr\/index.php\/wp-json\/wp\/v2\/pages"}],"about":[{"href":"https:\/\/aux-4-coins-des-mots.fr\/index.php\/wp-json\/wp\/v2\/types\/page"}],"author":[{"embeddable":true,"href":"https:\/\/aux-4-coins-des-mots.fr\/index.php\/wp-json\/wp\/v2\/users\/1"}],"replies":[{"embeddable":true,"href":"https:\/\/aux-4-coins-des-mots.fr\/index.php\/wp-json\/wp\/v2\/comments?post=296"}],"version-history":[{"count":15,"href":"https:\/\/aux-4-coins-des-mots.fr\/index.php\/wp-json\/wp\/v2\/pages\/296\/revisions"}],"predecessor-version":[{"id":2137,"href":"https:\/\/aux-4-coins-des-mots.fr\/index.php\/wp-json\/wp\/v2\/pages\/296\/revisions\/2137"}],"wp:attachment":[{"href":"https:\/\/aux-4-coins-des-mots.fr\/index.php\/wp-json\/wp\/v2\/media?parent=296"}],"curies":[{"name":"wp","href":"https:\/\/api.w.org\/{rel}","templated":true}]}}