{"id":2,"date":"2018-06-14T14:09:22","date_gmt":"2018-06-14T12:09:22","guid":{"rendered":"http:\/\/aux-4-coins-des-mots.fr\/?page_id=2"},"modified":"2026-02-03T23:41:19","modified_gmt":"2026-02-03T22:41:19","slug":"che-vuoi","status":"publish","type":"page","link":"https:\/\/aux-4-coins-des-mots.fr\/index.php\/che-vuoi\/","title":{"rendered":"\u00ab\u00a0POURQUOI O4CDM ?\u00a0\u00bb"},"content":{"rendered":"<blockquote>\n<h3><strong><em>Faire de chaque rencontre un \u00e9v\u00e9nement&#8230;<\/em><\/strong><\/h3>\n<\/blockquote>\n<p style=\"text-align: left;\">L\u2019objectif premier et statutaire de l\u2019association <strong>Aux Quatre Coins des Mots<\/strong> (<strong>O4CDM<\/strong>) est de <strong>faire face aux in\u00e9galit\u00e9s sociales et territoriales<\/strong> quant \u00e0 l&rsquo;acc\u00e8s aux soins et aux traitements psychiques notamment, en facilitant <strong>l\u2019acc\u00e8s aux dispositifs de droit commun<\/strong> (inconnu, m\u00e9connu ou d\u00e9laiss\u00e9) et d&rsquo;offrir \u00e0 chacun(e) la possibilit\u00e9 de s&rsquo;inscrire ou de se r\u00e9inscrire dans le lien social.<\/p>\n<p><em><strong>Le Lieu d&rsquo;Accueil et de Consultations analytiques, <\/strong><\/em>le <em><strong>L.A.C.AN. <\/strong><\/em>a donc \u00e9t\u00e9 con\u00e7u afin qu\u2019un espace d\u2019\u00e9coute et d\u2019accueil reste destin\u00e9 aux personnes pour qui leurs souffrances restent les plus opaques et qui viennent saisir pourquoi il y a des mots qui portent, et d\u2019autres pas&#8230;<\/p>\n<p><strong>Un ESPACE<\/strong>, qui, par la parole, trouve une adresse \u00e0 laquelle s\u2019en remet le sujet dans sa souffrance.<\/p>\n<p><strong>Un LIEU<\/strong> pour dire, corps pr\u00e9sents&#8230;<\/p>\n<p><strong>Un LIEU <\/strong>o\u00f9 la particularit\u00e9 subjective de chaque personne est prise en compte.<\/p>\n<p><strong>Un LIEU<\/strong> o\u00f9 les patients viennent \u00e0 la rencontre d\u2019un partenaire qui permet au sujet de renouer avec le lien social.<\/p>\n<p><strong>Un LIEU<\/strong> d&rsquo;un pari lanc\u00e9 par les praticiens de notre association \u00e0 toutes celles et ceux en souffrance psychique qui &#8211; de la petite enfance \u00e0 l&rsquo;\u00e2ge adulte, en passant par l&rsquo;adolescence &#8211; d\u00e9sirent ouvrir la voie \u00e0 d\u2019autres solutions.<\/p>\n<p style=\"text-align: left;\"><strong>AUX QUATRE COINS DES MOTS<\/strong> a donc mis en place des <a href=\"http:\/\/aux-4-coins-des-mots.fr\/index.php\/action\/\" target=\"_blank\" rel=\"noopener\"><strong>Actions<\/strong> et des <strong>Dispositifs<\/strong><\/a> en r\u00e9ponse au <strong>malaise du sujet<\/strong> soutenues par le discours psychanalytique et son \u00e9thique.<\/p>\n<p style=\"text-align: left;\">Une \u00e9quipe de <strong>psychologues cliniciens<\/strong>, <strong>psychoth\u00e9rapeutes<\/strong> agr\u00e9\u00e9s et <strong>psychanalystes<\/strong> vous accueillent et mettent en \u0153uvre les actions de l&rsquo;association <strong>dans les Quartiers Prioritaires de la Ville de N\u00eemes et au-del\u00e0.<\/strong><\/p>\n<p style=\"text-align: left;\">L&rsquo;\u00e9quipe de l&rsquo;association propose donc :<\/p>\n<ul>\n<li style=\"text-align: left;\"><strong>d\u2019accompagner<\/strong> et de soutenir chacun et chacune, dans sa singularit\u00e9, dans sa d\u00e9marche, son projet <strong>professionnel<\/strong>, <strong>social<\/strong> et <strong>familial<\/strong>,<\/li>\n<li>de <strong>soutenir<\/strong> dans leur <strong>pratiques<\/strong> les t<span class=\"st\">ravailleurs <em>sociaux, <\/em>professionnels <em>socio<\/em>&#8211;<em>\u00e9ducatif<\/em>, <em>enseignants<\/em>, <em>psychologues<\/em> et <em>praticiens de la sant\u00e9 mentale, m\u00e9dicale et param\u00e9dicale<\/em> \u00e0 travers des s\u00e9ances d&rsquo;<strong>Analyse de Pratiques Professionnelles<\/strong> (A.P.P.) ou de supervisions individuelles (<em>contr\u00f4le<\/em>). <\/span><\/li>\n<li><span class=\"st\">l&rsquo;organisation et la tenue de <strong>Conf\u00e9rences \/ D\u00e9bats <\/strong>autours de ces questions.<\/span><\/li>\n<\/ul>\n<p><strong>AUX QUATRE COINS DES MOTS<\/strong> permet \u00e0 quiconque et notamment, \u00e0 des publics en situation de pr\u00e9carit\u00e9, d\u2019apporter un \u00e9clairage singulier sur sa souffrance subjective en offrant au public<\/p>\n<ul>\n<li>des <strong>Lieux d\u2019Accueil et de Consultation<\/strong>\u00a0<strong>Analytique\u00bb<\/strong> (<strong>L.A.C.An : \u00ab\u00a0<a href=\"https:\/\/aux-4-coins-des-mots.fr\/index.php\/mixcite\/\" target=\"_blank\" rel=\"noopener\">MixCit\u00e9<\/a>\u00ab\u00a0, \u00ab\u00a0<a href=\"https:\/\/aux-4-coins-des-mots.fr\/index.php\/p-a-n-d-a-s\/\" target=\"_blank\" rel=\"noopener\">PANDA<\/a>\u00ab\u00a0<\/strong>)<\/li>\n<\/ul>\n<p>et la possibilit\u00e9 de regrouper les publics<\/p>\n<ul>\n<li>en <strong>Ateliers Th\u00e9matiques <\/strong>(<strong>\u00ab\u00a0<a href=\"https:\/\/aux-4-coins-des-mots.fr\/index.php\/atelier-mixcite\/\" target=\"_blank\" rel=\"noopener noreferrer\">Atelier MixCit\u00e9<\/a>\u00ab\u00a0<\/strong>) autour des probl\u00e9matiques de <strong>souffrance psychiques<\/strong>.<\/li>\n<\/ul>\n<h4 style=\"text-align: center;\"><strong>SERVEUR VOCAL<\/strong><\/h4>\n<h4 style=\"text-align: center;\"><strong> 09 72 177 199<\/strong><\/h4>\n\n\n<p class=\"guide-lecture\">Pour d\u00e9couvrir la suite, suivez le chemin\u2026<\/p>\n\n\n\n<div class=\"wp-block-buttons is-content-justification-center is-layout-flex wp-container-core-buttons-is-layout-a89b3969 wp-block-buttons-is-layout-flex\">\n<div class=\"wp-block-button\"><a class=\"wp-block-button__link wp-element-button\" href=\"https:\/\/aux-4-coins-des-mots.fr\/index.php\/un-psycho-quoi\/\" target=\"_blank\" rel=\"noreferrer noopener\"><strong>UN PSYCHO QUOI ?<\/strong><\/a><\/div>\n<\/div>\n\n\n\n<h4 class=\"wp-block-heading has-text-align-center\"><\/h4>\n\n\n\n<h4 class=\"wp-block-heading has-text-align-center\"><\/h4>\n\n\n\n<figure class=\"wp-block-gallery has-nested-images columns-default is-cropped wp-block-gallery-1 is-layout-flex wp-block-gallery-is-layout-flex\">\n<figure class=\"wp-block-image size-large\"><img loading=\"lazy\" decoding=\"async\" width=\"400\" height=\"400\" data-id=\"3027\" src=\"https:\/\/aux-4-coins-des-mots.fr\/wp-content\/uploads\/2025\/12\/ecole.jpg\" alt=\"\" class=\"wp-image-3027\" srcset=\"https:\/\/aux-4-coins-des-mots.fr\/wp-content\/uploads\/2025\/12\/ecole.jpg 400w, https:\/\/aux-4-coins-des-mots.fr\/wp-content\/uploads\/2025\/12\/ecole-300x300.jpg 300w, https:\/\/aux-4-coins-des-mots.fr\/wp-content\/uploads\/2025\/12\/ecole-150x150.jpg 150w\" sizes=\"auto, (max-width: 400px) 100vw, 400px\" \/><\/figure>\n\n\n\n<figure class=\"wp-block-image size-large\"><img loading=\"lazy\" decoding=\"async\" width=\"605\" height=\"340\" data-id=\"3020\" src=\"https:\/\/aux-4-coins-des-mots.fr\/wp-content\/uploads\/2025\/12\/fish.jpg\" alt=\"\" class=\"wp-image-3020\" srcset=\"https:\/\/aux-4-coins-des-mots.fr\/wp-content\/uploads\/2025\/12\/fish.jpg 605w, https:\/\/aux-4-coins-des-mots.fr\/wp-content\/uploads\/2025\/12\/fish-300x169.jpg 300w\" sizes=\"auto, (max-width: 605px) 100vw, 605px\" \/><\/figure>\n\n\n\n<figure class=\"wp-block-image size-large\"><img loading=\"lazy\" decoding=\"async\" width=\"612\" height=\"454\" data-id=\"3028\" src=\"https:\/\/aux-4-coins-des-mots.fr\/wp-content\/uploads\/2025\/12\/istockphoto-153929706-612x612-2.jpg\" alt=\"\" class=\"wp-image-3028\" srcset=\"https:\/\/aux-4-coins-des-mots.fr\/wp-content\/uploads\/2025\/12\/istockphoto-153929706-612x612-2.jpg 612w, https:\/\/aux-4-coins-des-mots.fr\/wp-content\/uploads\/2025\/12\/istockphoto-153929706-612x612-2-300x223.jpg 300w\" sizes=\"auto, (max-width: 612px) 100vw, 612px\" \/><\/figure>\n\n\n\n<figure class=\"wp-block-image size-large\"><img loading=\"lazy\" decoding=\"async\" width=\"1024\" height=\"693\" data-id=\"3022\" src=\"https:\/\/aux-4-coins-des-mots.fr\/wp-content\/uploads\/2025\/12\/streetartnimes4-2048x1386-1-1024x693.jpg\" alt=\"\" class=\"wp-image-3022\" srcset=\"https:\/\/aux-4-coins-des-mots.fr\/wp-content\/uploads\/2025\/12\/streetartnimes4-2048x1386-1-1024x693.jpg 1024w, https:\/\/aux-4-coins-des-mots.fr\/wp-content\/uploads\/2025\/12\/streetartnimes4-2048x1386-1-300x203.jpg 300w, https:\/\/aux-4-coins-des-mots.fr\/wp-content\/uploads\/2025\/12\/streetartnimes4-2048x1386-1-768x520.jpg 768w, https:\/\/aux-4-coins-des-mots.fr\/wp-content\/uploads\/2025\/12\/streetartnimes4-2048x1386-1-1536x1040.jpg 1536w, https:\/\/aux-4-coins-des-mots.fr\/wp-content\/uploads\/2025\/12\/streetartnimes4-2048x1386-1.jpg 2048w\" sizes=\"auto, (max-width: 1024px) 100vw, 1024px\" \/><\/figure>\n\n\n\n<figure class=\"wp-block-image size-large\"><img loading=\"lazy\" decoding=\"async\" width=\"612\" height=\"612\" data-id=\"3029\" src=\"https:\/\/aux-4-coins-des-mots.fr\/wp-content\/uploads\/2025\/12\/hiphop-1.jpg\" alt=\"\" class=\"wp-image-3029\" srcset=\"https:\/\/aux-4-coins-des-mots.fr\/wp-content\/uploads\/2025\/12\/hiphop-1.jpg 612w, https:\/\/aux-4-coins-des-mots.fr\/wp-content\/uploads\/2025\/12\/hiphop-1-300x300.jpg 300w, https:\/\/aux-4-coins-des-mots.fr\/wp-content\/uploads\/2025\/12\/hiphop-1-150x150.jpg 150w\" sizes=\"auto, (max-width: 612px) 100vw, 612px\" \/><\/figure>\n\n\n\n<figure class=\"wp-block-image size-large\"><img loading=\"lazy\" decoding=\"async\" width=\"1024\" height=\"732\" data-id=\"3024\" src=\"https:\/\/aux-4-coins-des-mots.fr\/wp-content\/uploads\/2025\/12\/street-1-1024x732.jpg\" alt=\"\" class=\"wp-image-3024\" srcset=\"https:\/\/aux-4-coins-des-mots.fr\/wp-content\/uploads\/2025\/12\/street-1-1024x732.jpg 1024w, https:\/\/aux-4-coins-des-mots.fr\/wp-content\/uploads\/2025\/12\/street-1-300x214.jpg 300w, https:\/\/aux-4-coins-des-mots.fr\/wp-content\/uploads\/2025\/12\/street-1-768x549.jpg 768w, https:\/\/aux-4-coins-des-mots.fr\/wp-content\/uploads\/2025\/12\/street-1-1536x1098.jpg 1536w, https:\/\/aux-4-coins-des-mots.fr\/wp-content\/uploads\/2025\/12\/street-1.jpg 1760w\" sizes=\"auto, (max-width: 1024px) 100vw, 1024px\" \/><\/figure>\n<\/figure>\n\n\n\n<p><\/p>\n<div class=\"pvc_clear\"><\/div><p id=\"pvc_stats_2\" class=\"pvc_stats all  \" data-element-id=\"2\" style=\"\"><i class=\"pvc-stats-icon medium\" aria-hidden=\"true\"><svg aria-hidden=\"true\" focusable=\"false\" data-prefix=\"far\" data-icon=\"chart-bar\" role=\"img\" xmlns=\"http:\/\/www.w3.org\/2000\/svg\" viewBox=\"0 0 512 512\" class=\"svg-inline--fa fa-chart-bar fa-w-16 fa-2x\"><path fill=\"currentColor\" d=\"M396.8 352h22.4c6.4 0 12.8-6.4 12.8-12.8V108.8c0-6.4-6.4-12.8-12.8-12.8h-22.4c-6.4 0-12.8 6.4-12.8 12.8v230.4c0 6.4 6.4 12.8 12.8 12.8zm-192 0h22.4c6.4 0 12.8-6.4 12.8-12.8V140.8c0-6.4-6.4-12.8-12.8-12.8h-22.4c-6.4 0-12.8 6.4-12.8 12.8v198.4c0 6.4 6.4 12.8 12.8 12.8zm96 0h22.4c6.4 0 12.8-6.4 12.8-12.8V204.8c0-6.4-6.4-12.8-12.8-12.8h-22.4c-6.4 0-12.8 6.4-12.8 12.8v134.4c0 6.4 6.4 12.8 12.8 12.8zM496 400H48V80c0-8.84-7.16-16-16-16H16C7.16 64 0 71.16 0 80v336c0 17.67 14.33 32 32 32h464c8.84 0 16-7.16 16-16v-16c0-8.84-7.16-16-16-16zm-387.2-48h22.4c6.4 0 12.8-6.4 12.8-12.8v-70.4c0-6.4-6.4-12.8-12.8-12.8h-22.4c-6.4 0-12.8 6.4-12.8 12.8v70.4c0 6.4 6.4 12.8 12.8 12.8z\" class=\"\"><\/path><\/svg><\/i> <img loading=\"lazy\" decoding=\"async\" width=\"16\" height=\"16\" alt=\"Loading\" src=\"https:\/\/aux-4-coins-des-mots.fr\/wp-content\/plugins\/page-views-count\/ajax-loader-2x.gif\" border=0 \/><\/p><div class=\"pvc_clear\"><\/div>","protected":false},"excerpt":{"rendered":"<p>Faire de chaque rencontre un \u00e9v\u00e9nement&#8230; L\u2019objectif premier et statutaire de l\u2019association Aux Quatre Coins des Mots (O4CDM) est de faire face aux in\u00e9galit\u00e9s sociales et territoriales quant \u00e0 l&rsquo;acc\u00e8s aux soins et aux traitements psychiques notamment, en facilitant l\u2019acc\u00e8s aux dispositifs de droit commun (inconnu, m\u00e9connu ou d\u00e9laiss\u00e9) et d&rsquo;offrir \u00e0 chacun(e) la possibilit\u00e9 [&hellip;]<\/p>\n<div class=\"pvc_clear\"><\/div>\n<p id=\"pvc_stats_2\" class=\"pvc_stats all  \" data-element-id=\"2\" style=\"\"><i class=\"pvc-stats-icon medium\" aria-hidden=\"true\"><svg aria-hidden=\"true\" focusable=\"false\" data-prefix=\"far\" data-icon=\"chart-bar\" role=\"img\" xmlns=\"http:\/\/www.w3.org\/2000\/svg\" viewBox=\"0 0 512 512\" class=\"svg-inline--fa fa-chart-bar fa-w-16 fa-2x\"><path fill=\"currentColor\" d=\"M396.8 352h22.4c6.4 0 12.8-6.4 12.8-12.8V108.8c0-6.4-6.4-12.8-12.8-12.8h-22.4c-6.4 0-12.8 6.4-12.8 12.8v230.4c0 6.4 6.4 12.8 12.8 12.8zm-192 0h22.4c6.4 0 12.8-6.4 12.8-12.8V140.8c0-6.4-6.4-12.8-12.8-12.8h-22.4c-6.4 0-12.8 6.4-12.8 12.8v198.4c0 6.4 6.4 12.8 12.8 12.8zm96 0h22.4c6.4 0 12.8-6.4 12.8-12.8V204.8c0-6.4-6.4-12.8-12.8-12.8h-22.4c-6.4 0-12.8 6.4-12.8 12.8v134.4c0 6.4 6.4 12.8 12.8 12.8zM496 400H48V80c0-8.84-7.16-16-16-16H16C7.16 64 0 71.16 0 80v336c0 17.67 14.33 32 32 32h464c8.84 0 16-7.16 16-16v-16c0-8.84-7.16-16-16-16zm-387.2-48h22.4c6.4 0 12.8-6.4 12.8-12.8v-70.4c0-6.4-6.4-12.8-12.8-12.8h-22.4c-6.4 0-12.8 6.4-12.8 12.8v70.4c0 6.4 6.4 12.8 12.8 12.8z\" class=\"\"><\/path><\/svg><\/i> <img loading=\"lazy\" decoding=\"async\" width=\"16\" height=\"16\" alt=\"Loading\" src=\"https:\/\/aux-4-coins-des-mots.fr\/wp-content\/plugins\/page-views-count\/ajax-loader-2x.gif\" border=0 \/><\/p>\n<div class=\"pvc_clear\"><\/div>\n","protected":false},"author":1,"featured_media":0,"parent":0,"menu_order":0,"comment_status":"closed","ping_status":"closed","template":"","meta":{"iawp_total_views":15,"footnotes":""},"class_list":["post-2","page","type-page","status-publish","hentry"],"a3_pvc":{"activated":true,"total_views":194,"today_views":0},"jetpack_sharing_enabled":true,"_links":{"self":[{"href":"https:\/\/aux-4-coins-des-mots.fr\/index.php\/wp-json\/wp\/v2\/pages\/2","targetHints":{"allow":["GET"]}}],"collection":[{"href":"https:\/\/aux-4-coins-des-mots.fr\/index.php\/wp-json\/wp\/v2\/pages"}],"about":[{"href":"https:\/\/aux-4-coins-des-mots.fr\/index.php\/wp-json\/wp\/v2\/types\/page"}],"author":[{"embeddable":true,"href":"https:\/\/aux-4-coins-des-mots.fr\/index.php\/wp-json\/wp\/v2\/users\/1"}],"replies":[{"embeddable":true,"href":"https:\/\/aux-4-coins-des-mots.fr\/index.php\/wp-json\/wp\/v2\/comments?post=2"}],"version-history":[{"count":85,"href":"https:\/\/aux-4-coins-des-mots.fr\/index.php\/wp-json\/wp\/v2\/pages\/2\/revisions"}],"predecessor-version":[{"id":3674,"href":"https:\/\/aux-4-coins-des-mots.fr\/index.php\/wp-json\/wp\/v2\/pages\/2\/revisions\/3674"}],"wp:attachment":[{"href":"https:\/\/aux-4-coins-des-mots.fr\/index.php\/wp-json\/wp\/v2\/media?parent=2"}],"curies":[{"name":"wp","href":"https:\/\/api.w.org\/{rel}","templated":true}]}}