{"id":1617,"date":"2024-06-02T19:32:43","date_gmt":"2024-06-02T17:32:43","guid":{"rendered":"https:\/\/aux-4-coins-des-mots.fr\/?page_id=1617"},"modified":"2025-10-31T11:33:37","modified_gmt":"2025-10-31T10:33:37","slug":"cotisations","status":"publish","type":"page","link":"https:\/\/aux-4-coins-des-mots.fr\/index.php\/cotisations\/","title":{"rendered":"COTISATIONS MEMBRES"},"content":{"rendered":"\n<p><\/p>\n\n\n\n<h4 class=\"wp-block-heading has-text-align-center\"><strong>PAYER SA COTISATION : \u00ab\u00a0MEMBRE CONSULTANT PRATICIEN\u00a0\u00bb <\/strong><\/h4>\n\n\n\n<ul class=\"wp-block-list\">\n<li><strong>Adh\u00e9sion MEMBRE ACTIF (Consultant Praticien et\/ou Responsable de Commission)<\/strong><\/li>\n<\/ul>\n\n\n\n<div class=\"wp-block-buttons is-content-justification-center is-layout-flex wp-container-core-buttons-is-layout-a89b3969 wp-block-buttons-is-layout-flex\">\n<div class=\"wp-block-button\"><a class=\"wp-block-button__link wp-element-button\" href=\"https:\/\/www.helloasso.com\/associations\/aux-quatre-coins-des-mots\/adhesions\/devenir-membre-consultant-praticien\" target=\"_blank\" rel=\"noreferrer noopener\">COTISATION<\/a><\/div>\n<\/div>\n\n\n\n<figure class=\"wp-block-image aligncenter size-full is-resized\"><img loading=\"lazy\" decoding=\"async\" width=\"600\" height=\"600\" src=\"https:\/\/aux-4-coins-des-mots.fr\/wp-content\/uploads\/2025\/06\/qrcode-consultant-praticien.png\" alt=\"\" class=\"wp-image-2476\" style=\"width:173px;height:auto\" srcset=\"https:\/\/aux-4-coins-des-mots.fr\/wp-content\/uploads\/2025\/06\/qrcode-consultant-praticien.png 600w, https:\/\/aux-4-coins-des-mots.fr\/wp-content\/uploads\/2025\/06\/qrcode-consultant-praticien-300x300.png 300w, https:\/\/aux-4-coins-des-mots.fr\/wp-content\/uploads\/2025\/06\/qrcode-consultant-praticien-150x150.png 150w\" sizes=\"auto, (max-width: 600px) 100vw, 600px\" \/><\/figure>\n\n\n\n<p><em>Vous pouvez adresser le montant de votre adh\u00e9sion par <strong>Ch\u00e8que<\/strong> (\u00e0 l&rsquo;<a href=\"http:\/\/aux-4-coins-des-mots.fr\/index.php\/contacts\/\" target=\"_blank\" rel=\"noreferrer noopener\">adresse postale du <strong>Si\u00e8ge Social<\/strong><\/a>) ou par <strong>Virement<\/strong> en demandant nos coordonn\u00e9es bancaires \u00e0 : <\/em><a href=\"mailto:co**********@******************ts.fr\" data-original-string=\"XK3M6lPVWGxprzROcgschA==8b1R+Nyr9U8rhhBk0JywoOnozb2QpeH6XqmRIV1EYsNmF4vohNlNQkE78yWjuUU+TAH\" title=\"This contact has been encoded by Anti-Spam by CleanTalk. Click to decode. To finish the decoding make sure that JavaScript is enabled in your browser.\" target=\"_blank\" rel=\"noreferrer noopener\"><span \n                data-original-string='P6bBtAKFbZzKh8EjmE2YKA==8b1T+Tn3j84\/EvBh123CgfnJKT4f+veaWATYujMRQPnY8SR5Ohl\/GuIxu+pQ4kdWTR\/'\n                class='apbct-email-encoder'\n                title='This contact has been encoded by Anti-Spam by CleanTalk. Click to decode. To finish the decoding make sure that JavaScript is enabled in your browser.'>co<span class=\"apbct-blur\">**********<\/span>@<span class=\"apbct-blur\">******************<\/span>ts.fr<\/span><\/a><\/p>\n<div class=\"pvc_clear\"><\/div><p id=\"pvc_stats_1617\" class=\"pvc_stats all  \" data-element-id=\"1617\" style=\"\"><i class=\"pvc-stats-icon medium\" aria-hidden=\"true\"><svg aria-hidden=\"true\" focusable=\"false\" data-prefix=\"far\" data-icon=\"chart-bar\" role=\"img\" xmlns=\"http:\/\/www.w3.org\/2000\/svg\" viewBox=\"0 0 512 512\" class=\"svg-inline--fa fa-chart-bar fa-w-16 fa-2x\"><path fill=\"currentColor\" d=\"M396.8 352h22.4c6.4 0 12.8-6.4 12.8-12.8V108.8c0-6.4-6.4-12.8-12.8-12.8h-22.4c-6.4 0-12.8 6.4-12.8 12.8v230.4c0 6.4 6.4 12.8 12.8 12.8zm-192 0h22.4c6.4 0 12.8-6.4 12.8-12.8V140.8c0-6.4-6.4-12.8-12.8-12.8h-22.4c-6.4 0-12.8 6.4-12.8 12.8v198.4c0 6.4 6.4 12.8 12.8 12.8zm96 0h22.4c6.4 0 12.8-6.4 12.8-12.8V204.8c0-6.4-6.4-12.8-12.8-12.8h-22.4c-6.4 0-12.8 6.4-12.8 12.8v134.4c0 6.4 6.4 12.8 12.8 12.8zM496 400H48V80c0-8.84-7.16-16-16-16H16C7.16 64 0 71.16 0 80v336c0 17.67 14.33 32 32 32h464c8.84 0 16-7.16 16-16v-16c0-8.84-7.16-16-16-16zm-387.2-48h22.4c6.4 0 12.8-6.4 12.8-12.8v-70.4c0-6.4-6.4-12.8-12.8-12.8h-22.4c-6.4 0-12.8 6.4-12.8 12.8v70.4c0 6.4 6.4 12.8 12.8 12.8z\" class=\"\"><\/path><\/svg><\/i> <img loading=\"lazy\" decoding=\"async\" width=\"16\" height=\"16\" alt=\"Loading\" src=\"https:\/\/aux-4-coins-des-mots.fr\/wp-content\/plugins\/page-views-count\/ajax-loader-2x.gif\" border=0 \/><\/p><div class=\"pvc_clear\"><\/div>","protected":false},"excerpt":{"rendered":"<p>PAYER SA COTISATION : \u00ab\u00a0MEMBRE CONSULTANT PRATICIEN\u00a0\u00bb Vous pouvez adresser le montant de votre adh\u00e9sion par Ch\u00e8que (\u00e0 l&rsquo;adresse postale du Si\u00e8ge Social) ou par Virement en demandant nos coordonn\u00e9es bancaires \u00e0 : co**********@******************ts.fr<\/p>\n<div class=\"pvc_clear\"><\/div>\n<p id=\"pvc_stats_1617\" class=\"pvc_stats all  \" data-element-id=\"1617\" style=\"\"><i class=\"pvc-stats-icon medium\" aria-hidden=\"true\"><svg aria-hidden=\"true\" focusable=\"false\" data-prefix=\"far\" data-icon=\"chart-bar\" role=\"img\" xmlns=\"http:\/\/www.w3.org\/2000\/svg\" viewBox=\"0 0 512 512\" class=\"svg-inline--fa fa-chart-bar fa-w-16 fa-2x\"><path fill=\"currentColor\" d=\"M396.8 352h22.4c6.4 0 12.8-6.4 12.8-12.8V108.8c0-6.4-6.4-12.8-12.8-12.8h-22.4c-6.4 0-12.8 6.4-12.8 12.8v230.4c0 6.4 6.4 12.8 12.8 12.8zm-192 0h22.4c6.4 0 12.8-6.4 12.8-12.8V140.8c0-6.4-6.4-12.8-12.8-12.8h-22.4c-6.4 0-12.8 6.4-12.8 12.8v198.4c0 6.4 6.4 12.8 12.8 12.8zm96 0h22.4c6.4 0 12.8-6.4 12.8-12.8V204.8c0-6.4-6.4-12.8-12.8-12.8h-22.4c-6.4 0-12.8 6.4-12.8 12.8v134.4c0 6.4 6.4 12.8 12.8 12.8zM496 400H48V80c0-8.84-7.16-16-16-16H16C7.16 64 0 71.16 0 80v336c0 17.67 14.33 32 32 32h464c8.84 0 16-7.16 16-16v-16c0-8.84-7.16-16-16-16zm-387.2-48h22.4c6.4 0 12.8-6.4 12.8-12.8v-70.4c0-6.4-6.4-12.8-12.8-12.8h-22.4c-6.4 0-12.8 6.4-12.8 12.8v70.4c0 6.4 6.4 12.8 12.8 12.8z\" class=\"\"><\/path><\/svg><\/i> <img loading=\"lazy\" decoding=\"async\" width=\"16\" height=\"16\" alt=\"Loading\" src=\"https:\/\/aux-4-coins-des-mots.fr\/wp-content\/plugins\/page-views-count\/ajax-loader-2x.gif\" border=0 \/><\/p>\n<div class=\"pvc_clear\"><\/div>\n","protected":false},"author":1,"featured_media":0,"parent":0,"menu_order":0,"comment_status":"closed","ping_status":"closed","template":"","meta":{"iawp_total_views":9,"footnotes":""},"class_list":["post-1617","page","type-page","status-publish","hentry"],"a3_pvc":{"activated":true,"total_views":150,"today_views":0},"jetpack_sharing_enabled":true,"_links":{"self":[{"href":"https:\/\/aux-4-coins-des-mots.fr\/index.php\/wp-json\/wp\/v2\/pages\/1617","targetHints":{"allow":["GET"]}}],"collection":[{"href":"https:\/\/aux-4-coins-des-mots.fr\/index.php\/wp-json\/wp\/v2\/pages"}],"about":[{"href":"https:\/\/aux-4-coins-des-mots.fr\/index.php\/wp-json\/wp\/v2\/types\/page"}],"author":[{"embeddable":true,"href":"https:\/\/aux-4-coins-des-mots.fr\/index.php\/wp-json\/wp\/v2\/users\/1"}],"replies":[{"embeddable":true,"href":"https:\/\/aux-4-coins-des-mots.fr\/index.php\/wp-json\/wp\/v2\/comments?post=1617"}],"version-history":[{"count":42,"href":"https:\/\/aux-4-coins-des-mots.fr\/index.php\/wp-json\/wp\/v2\/pages\/1617\/revisions"}],"predecessor-version":[{"id":2850,"href":"https:\/\/aux-4-coins-des-mots.fr\/index.php\/wp-json\/wp\/v2\/pages\/1617\/revisions\/2850"}],"wp:attachment":[{"href":"https:\/\/aux-4-coins-des-mots.fr\/index.php\/wp-json\/wp\/v2\/media?parent=1617"}],"curies":[{"name":"wp","href":"https:\/\/api.w.org\/{rel}","templated":true}]}}