{"id":119,"date":"2018-06-16T17:17:31","date_gmt":"2018-06-16T15:17:31","guid":{"rendered":"http:\/\/aux-4-coins-des-mots.fr\/?page_id=119"},"modified":"2026-04-18T13:05:55","modified_gmt":"2026-04-18T11:05:55","slug":"rendez-vous","status":"publish","type":"page","link":"https:\/\/aux-4-coins-des-mots.fr\/index.php\/rendez-vous\/","title":{"rendered":"RENDEZ-VOUS TOUT PUBLIC"},"content":{"rendered":"\n<figure class=\"wp-block-image size-large\"><img loading=\"lazy\" decoding=\"async\" width=\"1024\" height=\"110\" src=\"https:\/\/aux-4-coins-des-mots.fr\/wp-content\/uploads\/2018\/06\/cropped-sigmund-freud-1153858_1920-1-1024x110.jpg\" alt=\"\" class=\"wp-image-148\" srcset=\"https:\/\/aux-4-coins-des-mots.fr\/wp-content\/uploads\/2018\/06\/cropped-sigmund-freud-1153858_1920-1-1024x110.jpg 1024w, https:\/\/aux-4-coins-des-mots.fr\/wp-content\/uploads\/2018\/06\/cropped-sigmund-freud-1153858_1920-1-300x32.jpg 300w, https:\/\/aux-4-coins-des-mots.fr\/wp-content\/uploads\/2018\/06\/cropped-sigmund-freud-1153858_1920-1-768x83.jpg 768w, https:\/\/aux-4-coins-des-mots.fr\/wp-content\/uploads\/2018\/06\/cropped-sigmund-freud-1153858_1920-1.jpg 1280w\" sizes=\"auto, (max-width: 1024px) 100vw, 1024px\" \/><\/figure>\n\n\n\n<br><br>\n\n\n\n<h3 class=\"wp-block-heading has-text-align-center\">OUVERTURE du Lieu d&rsquo;Accueil et de Consultations : <\/h3>\n\n\n\n<h3 class=\"wp-block-heading has-text-align-center\">Du MARDI au SAMEDI<\/h3>\n\n\n\n<h3 class=\"wp-block-heading has-text-align-center\">Sur rendez-vous<\/h3>\n\n\n\n<p class=\"has-text-align-center\">***<\/p>\n\n\n\n<h2 class=\"wp-block-heading has-text-align-center\"><strong>09 72 177 199<\/strong><\/h2>\n\n\n\n<figure class=\"wp-block-image aligncenter size-large is-resized\"><img loading=\"lazy\" decoding=\"async\" width=\"1024\" height=\"716\" src=\"https:\/\/aux-4-coins-des-mots.fr\/wp-content\/uploads\/2025\/08\/salvador-dali-lobster-telephone-1938-e4cacf04-f061-435d-96eb-42ffe94f744d-1024x716.jpg\" alt=\"\" class=\"wp-image-2527\" style=\"width:270px;height:auto\" srcset=\"https:\/\/aux-4-coins-des-mots.fr\/wp-content\/uploads\/2025\/08\/salvador-dali-lobster-telephone-1938-e4cacf04-f061-435d-96eb-42ffe94f744d-1024x716.jpg 1024w, https:\/\/aux-4-coins-des-mots.fr\/wp-content\/uploads\/2025\/08\/salvador-dali-lobster-telephone-1938-e4cacf04-f061-435d-96eb-42ffe94f744d-300x210.jpg 300w, https:\/\/aux-4-coins-des-mots.fr\/wp-content\/uploads\/2025\/08\/salvador-dali-lobster-telephone-1938-e4cacf04-f061-435d-96eb-42ffe94f744d-768x537.jpg 768w, https:\/\/aux-4-coins-des-mots.fr\/wp-content\/uploads\/2025\/08\/salvador-dali-lobster-telephone-1938-e4cacf04-f061-435d-96eb-42ffe94f744d.jpg 1394w\" sizes=\"auto, (max-width: 1024px) 100vw, 1024px\" \/><\/figure>\n\n\n\n<br><br>\n\n\n\n<h4 class=\"wp-block-heading\"><strong>RAPPEL : <\/strong>(<a href=\"https:\/\/aux-4-coins-des-mots.fr\/wp-content\/uploads\/2025\/10\/Reglement_beneficiaires_OQCDM.pdf\" target=\"_blank\" rel=\"noreferrer noopener\">R\u00e8glement d&rsquo;accueil des B\u00e9n\u00e9ficiaires Non-Membres<\/a> : <em>Pr\u00e9ambule et Art. 3<\/em>)<\/h4>\n\n\n\n<h5 class=\"wp-block-heading\">\u00ab\u00a0<em>L\u2019association met en \u0153uvre des dispositifs de soutien psychique ou de consultation accessibles aux personnes conform\u00e9ment \u00e0 ses statuts.<\/em>\u00ab\u00a0<\/h5>\n\n\n\n<h5 class=\"wp-block-heading has-text-align-left\"><em><strong>\u00ab\u00a0Participation forfaitaire aux frais de fonctionnement<\/strong><\/em><\/h5>\n\n\n\n<h5 class=\"wp-block-heading\"><em>Une participation forfaitaire aux frais de fonctionnement est demand\u00e9e aux b\u00e9n\u00e9ficiaires non-membres pour la mise \u00e0 disposition des locaux, la coordination et le soutien logistique des permanences ou activit\u00e9s propos\u00e9es.<\/em><\/h5>\n\n\n\n<h5 class=\"wp-block-heading\"><em>Cette participation ne constitue pas une adh\u00e9sion \u00e0 l\u2019association Aux Quatre Coins des Mots et ne conf\u00e8re aucun droit particulier au sein de celle-ci.<\/em><\/h5>\n\n\n\n<h5 class=\"wp-block-heading\"><em>Son montant est fix\u00e9 par le bureau en fonction des co\u00fbts r\u00e9els de fonctionnement. Cette participation lui donne la possibilit\u00e9 d\u2019acc\u00e9der \u00e0 un accompagnement individuel jusqu\u2019\u00e0 12 s\u00e9ances maximum.<br>Le nombre de s\u00e9ances effectives est d\u00e9termin\u00e9 par un Consultant-Praticien, en fonction de la situation et de la demande de la personne.<br>Le b\u00e9n\u00e9ficiaire est inform\u00e9 de cette r\u00e8gle d\u00e8s le premier contact.\u00a0\u00bb<\/em><\/h5>\n\n\n\n<br><br>\n\n\n\n<div class=\"wp-block-buttons is-content-justification-center is-layout-flex wp-container-core-buttons-is-layout-a89b3969 wp-block-buttons-is-layout-flex\">\n<div class=\"wp-block-button\"><a class=\"wp-block-button__link has-text-align-center wp-element-button\" href=\"https:\/\/aux-4-coins-des-mots.fr\/index.php\/participations-forfaitaires-p3f\/\" target=\"_blank\" rel=\"noreferrer noopener\"><strong>PAYER SA<\/strong> PARTICIPATION<\/a><\/div>\n<\/div>\n\n\n\n\n\n<br><br>\n\n\n\n<figure class=\"wp-block-image size-large\"><img loading=\"lazy\" decoding=\"async\" width=\"1024\" height=\"114\" src=\"https:\/\/aux-4-coins-des-mots.fr\/wp-content\/uploads\/2018\/06\/cropped-Lacan.J\u00a9Jerry-Bauer001-3-1024x114.jpg\" alt=\"\" class=\"wp-image-151\" srcset=\"https:\/\/aux-4-coins-des-mots.fr\/wp-content\/uploads\/2018\/06\/cropped-Lacan.J\u00a9Jerry-Bauer001-3-1024x114.jpg 1024w, https:\/\/aux-4-coins-des-mots.fr\/wp-content\/uploads\/2018\/06\/cropped-Lacan.J\u00a9Jerry-Bauer001-3-300x33.jpg 300w, https:\/\/aux-4-coins-des-mots.fr\/wp-content\/uploads\/2018\/06\/cropped-Lacan.J\u00a9Jerry-Bauer001-3-768x85.jpg 768w, https:\/\/aux-4-coins-des-mots.fr\/wp-content\/uploads\/2018\/06\/cropped-Lacan.J\u00a9Jerry-Bauer001-3.jpg 1198w\" sizes=\"auto, (max-width: 1024px) 100vw, 1024px\" \/><\/figure>\n\n\n\n<h3 class=\"wp-block-heading has-text-align-center\"><\/h3>\n\n\n\n<h6 class=\"wp-block-heading has-text-align-center\"><\/h6>\n\n\n\n<p class=\"has-text-align-center\"><\/p>\n\n\n\n<br><br>\n\n\n\n<div class=\"wp-block-buttons is-content-justification-center is-layout-flex wp-container-core-buttons-is-layout-a89b3969 wp-block-buttons-is-layout-flex\">\n<div class=\"wp-block-button\"><a class=\"wp-block-button__link has-text-align-center wp-element-button\"><strong>PRENDRE RENDEZ-VOUS <\/strong>PAR NOTRE SERVEUR VOCAL AU 09 72 177 199<\/a><\/div>\n<\/div>\n\n\n\n<br><br>\n\n\n\n<figure class=\"wp-block-image aligncenter size-large is-resized\"><img loading=\"lazy\" decoding=\"async\" width=\"1024\" height=\"682\" src=\"https:\/\/aux-4-coins-des-mots.fr\/wp-content\/uploads\/2024\/07\/CLAVIER-1024x682.jpg\" alt=\"\" class=\"wp-image-1836\" style=\"width:360px;height:auto\" srcset=\"https:\/\/aux-4-coins-des-mots.fr\/wp-content\/uploads\/2024\/07\/CLAVIER-1024x682.jpg 1024w, https:\/\/aux-4-coins-des-mots.fr\/wp-content\/uploads\/2024\/07\/CLAVIER-300x200.jpg 300w, https:\/\/aux-4-coins-des-mots.fr\/wp-content\/uploads\/2024\/07\/CLAVIER-768x512.jpg 768w, https:\/\/aux-4-coins-des-mots.fr\/wp-content\/uploads\/2024\/07\/CLAVIER.jpg 1280w\" sizes=\"auto, (max-width: 1024px) 100vw, 1024px\" \/><\/figure>\n\n\n\n<h6 class=\"wp-block-heading has-text-align-center\">Lors de votre prise de RENDEZ-VOUS, pensez \u00e0 bien SPECIFIER un des TROIS MOTIFS de RENDEZ-VOUS suivants :<\/h6>\n\n\n\n<h5 class=\"wp-block-heading has-text-align-center\">\u00ab\u00a0<strong><a href=\"https:\/\/aux-4-coins-des-mots.fr\/index.php\/mixcite\/\" target=\"_blank\" rel=\"noreferrer noopener\">MixCit\u00e9 N\u00ceMES<\/a><\/strong>\u00a0\u00bb ou \u00ab\u00a0<strong><a href=\"https:\/\/aux-4-coins-des-mots.fr\/index.php\/p-a-n-d-a-s\/\" target=\"_blank\" rel=\"noreferrer noopener\">PANDA CMS<\/a><\/strong>\u00a0\u00bb ou \u00ab\u00a0<strong><a href=\"https:\/\/aux-4-coins-des-mots.fr\/index.php\/cite-educative\/\" target=\"_blank\" rel=\"noreferrer noopener\">ESPACE JEUNES MixCit\u00e9<\/a><\/strong>\u00ab\u00a0<\/h5>\n\n\n\n<h3 class=\"wp-block-heading has-text-align-center\"><\/h3>\n<div class=\"pvc_clear\"><\/div><p id=\"pvc_stats_119\" class=\"pvc_stats all  \" data-element-id=\"119\" style=\"\"><i class=\"pvc-stats-icon medium\" aria-hidden=\"true\"><svg aria-hidden=\"true\" focusable=\"false\" data-prefix=\"far\" data-icon=\"chart-bar\" role=\"img\" xmlns=\"http:\/\/www.w3.org\/2000\/svg\" viewBox=\"0 0 512 512\" class=\"svg-inline--fa fa-chart-bar fa-w-16 fa-2x\"><path fill=\"currentColor\" d=\"M396.8 352h22.4c6.4 0 12.8-6.4 12.8-12.8V108.8c0-6.4-6.4-12.8-12.8-12.8h-22.4c-6.4 0-12.8 6.4-12.8 12.8v230.4c0 6.4 6.4 12.8 12.8 12.8zm-192 0h22.4c6.4 0 12.8-6.4 12.8-12.8V140.8c0-6.4-6.4-12.8-12.8-12.8h-22.4c-6.4 0-12.8 6.4-12.8 12.8v198.4c0 6.4 6.4 12.8 12.8 12.8zm96 0h22.4c6.4 0 12.8-6.4 12.8-12.8V204.8c0-6.4-6.4-12.8-12.8-12.8h-22.4c-6.4 0-12.8 6.4-12.8 12.8v134.4c0 6.4 6.4 12.8 12.8 12.8zM496 400H48V80c0-8.84-7.16-16-16-16H16C7.16 64 0 71.16 0 80v336c0 17.67 14.33 32 32 32h464c8.84 0 16-7.16 16-16v-16c0-8.84-7.16-16-16-16zm-387.2-48h22.4c6.4 0 12.8-6.4 12.8-12.8v-70.4c0-6.4-6.4-12.8-12.8-12.8h-22.4c-6.4 0-12.8 6.4-12.8 12.8v70.4c0 6.4 6.4 12.8 12.8 12.8z\" class=\"\"><\/path><\/svg><\/i> <img loading=\"lazy\" decoding=\"async\" width=\"16\" height=\"16\" alt=\"Loading\" src=\"https:\/\/aux-4-coins-des-mots.fr\/wp-content\/plugins\/page-views-count\/ajax-loader-2x.gif\" border=0 \/><\/p><div class=\"pvc_clear\"><\/div>","protected":false},"excerpt":{"rendered":"<p>OUVERTURE du Lieu d&rsquo;Accueil et de Consultations : Du MARDI au SAMEDI Sur rendez-vous *** 09 72 177 199 RAPPEL : (R\u00e8glement d&rsquo;accueil des B\u00e9n\u00e9ficiaires Non-Membres : Pr\u00e9ambule et Art. 3) \u00ab\u00a0L\u2019association met en \u0153uvre des dispositifs de soutien psychique ou de consultation accessibles aux personnes conform\u00e9ment \u00e0 ses statuts.\u00ab\u00a0 \u00ab\u00a0Participation forfaitaire aux frais de [&hellip;]<\/p>\n<div class=\"pvc_clear\"><\/div>\n<p id=\"pvc_stats_119\" class=\"pvc_stats all  \" data-element-id=\"119\" style=\"\"><i class=\"pvc-stats-icon medium\" aria-hidden=\"true\"><svg aria-hidden=\"true\" focusable=\"false\" data-prefix=\"far\" data-icon=\"chart-bar\" role=\"img\" xmlns=\"http:\/\/www.w3.org\/2000\/svg\" viewBox=\"0 0 512 512\" class=\"svg-inline--fa fa-chart-bar fa-w-16 fa-2x\"><path fill=\"currentColor\" d=\"M396.8 352h22.4c6.4 0 12.8-6.4 12.8-12.8V108.8c0-6.4-6.4-12.8-12.8-12.8h-22.4c-6.4 0-12.8 6.4-12.8 12.8v230.4c0 6.4 6.4 12.8 12.8 12.8zm-192 0h22.4c6.4 0 12.8-6.4 12.8-12.8V140.8c0-6.4-6.4-12.8-12.8-12.8h-22.4c-6.4 0-12.8 6.4-12.8 12.8v198.4c0 6.4 6.4 12.8 12.8 12.8zm96 0h22.4c6.4 0 12.8-6.4 12.8-12.8V204.8c0-6.4-6.4-12.8-12.8-12.8h-22.4c-6.4 0-12.8 6.4-12.8 12.8v134.4c0 6.4 6.4 12.8 12.8 12.8zM496 400H48V80c0-8.84-7.16-16-16-16H16C7.16 64 0 71.16 0 80v336c0 17.67 14.33 32 32 32h464c8.84 0 16-7.16 16-16v-16c0-8.84-7.16-16-16-16zm-387.2-48h22.4c6.4 0 12.8-6.4 12.8-12.8v-70.4c0-6.4-6.4-12.8-12.8-12.8h-22.4c-6.4 0-12.8 6.4-12.8 12.8v70.4c0 6.4 6.4 12.8 12.8 12.8z\" class=\"\"><\/path><\/svg><\/i> <img loading=\"lazy\" decoding=\"async\" width=\"16\" height=\"16\" alt=\"Loading\" src=\"https:\/\/aux-4-coins-des-mots.fr\/wp-content\/plugins\/page-views-count\/ajax-loader-2x.gif\" border=0 \/><\/p>\n<div class=\"pvc_clear\"><\/div>\n","protected":false},"author":1,"featured_media":0,"parent":0,"menu_order":0,"comment_status":"closed","ping_status":"closed","template":"","meta":{"iawp_total_views":54,"footnotes":""},"class_list":["post-119","page","type-page","status-publish","hentry"],"a3_pvc":{"activated":true,"total_views":525,"today_views":0},"jetpack_sharing_enabled":true,"_links":{"self":[{"href":"https:\/\/aux-4-coins-des-mots.fr\/index.php\/wp-json\/wp\/v2\/pages\/119","targetHints":{"allow":["GET"]}}],"collection":[{"href":"https:\/\/aux-4-coins-des-mots.fr\/index.php\/wp-json\/wp\/v2\/pages"}],"about":[{"href":"https:\/\/aux-4-coins-des-mots.fr\/index.php\/wp-json\/wp\/v2\/types\/page"}],"author":[{"embeddable":true,"href":"https:\/\/aux-4-coins-des-mots.fr\/index.php\/wp-json\/wp\/v2\/users\/1"}],"replies":[{"embeddable":true,"href":"https:\/\/aux-4-coins-des-mots.fr\/index.php\/wp-json\/wp\/v2\/comments?post=119"}],"version-history":[{"count":152,"href":"https:\/\/aux-4-coins-des-mots.fr\/index.php\/wp-json\/wp\/v2\/pages\/119\/revisions"}],"predecessor-version":[{"id":3866,"href":"https:\/\/aux-4-coins-des-mots.fr\/index.php\/wp-json\/wp\/v2\/pages\/119\/revisions\/3866"}],"wp:attachment":[{"href":"https:\/\/aux-4-coins-des-mots.fr\/index.php\/wp-json\/wp\/v2\/media?parent=119"}],"curies":[{"name":"wp","href":"https:\/\/api.w.org\/{rel}","templated":true}]}}